t d(c) = 16*c. Let g be 2 + -2 - 1/(-1). Let i be d(g). Suppose 56 = 4*x + i. List the prime factors of x.
2, 5
Let v(h) = 2*h**3 - 3*h**2 - 2*h - 1. Let x be v(3). Suppose l - 4*l - 2*w = -8, -2*w = -2. What are the prime factors of ((l - 0) + x)/2?
11
List the prime factors of (-8)/(-28) + (-194)/(-7).
2, 7
Let d(a) = -a. Let y be d(-6). Let o(h) = -h**2 + 7*h - 3. Let m be o(y). Suppose 2*q + 53 = 5*j, m*q - 41 = -5*j + 2*q. List the prime factors of j.
3
Let y = 15 + -10. Suppose y*i - 80 = 2*h, -h - h = -i + 24. Suppose -2*l - 3*o + 32 = 0, 0 = 3*o + 2 - i. What are the prime factors of l?
2, 5
Suppose 408 - 24 = 2*c. What are the prime factors of 21/35 + c/5?
3, 13
Let f(m) = 5*m - 6. Let s(g) = g**3 + 8*g**2 + 6. Let u be s(-8). Suppose k + 1 = u. What are the prime factors of f(k)?
19
Let c(k) = 2*k**2 - 7*k - 9. List the prime factors of c(9).
2, 3, 5
Let x(z) be the second derivative of 9*z**5/10 - z**4/12 - 3*z. List the prime factors of x(1).
17
What are the prime factors of 1/4 + (-139)/(-4)?
5, 7
Let l(z) = -z - 1. Let d(y) = y**2 - 5*y - 1. Let u = 3 + 0. Let p be d(u). What are the prime factors of l(p)?
2, 3
Suppose 988 = -74*f + 78*f. List the prime factors of f.
13, 19
What are the prime factors of 0 - ((-126)/2 + 4)?
59
Let l be 9 + -7 - (-34 - 1). Suppose 3*d - 23 = z, 2*d + z - l = 6*z. What are the prime factors of d?
2, 3
Let m(c) = -c**3 + 2*c**2 - 1. Let o be m(1). Suppose -3*f + 2*f + 37 = o. Let v = -26 + f. What are the prime factors of v?
11
Let x(n) = -n**3 - 5*n**2 - 5*n - 4. Let u be x(-4). Suppose 5*t + k - 4*k - 66 = u, 0 = 4*t - 2*k - 52. List the prime factors of t.
2, 3
Suppose 78 = 15*k - 627. List the prime factors of k.
47
Let g(l) = l**3 + 14*l**2 - 13*l - 9. List the prime factors of g(-14).
173
Let w(b) = 2*b**2 - 4 + 2 + 2*b**2 + 3*b - b**3 - 5*b**2. List the prime factors of w(-3).
7
Suppose 45 = j - 8*c + 3*c, 5*c = -j + 15. What are the prime factors of j?
2, 3, 5
Let g(q) = -q**3 - 8*q**2 - 8*q - 7. Let h be g(-6). Let a = -15 - h. List the prime factors of a.
2
Let t(c) = 4*c + 148. List the prime factors of t(0).
2, 37
Let k = 81 + -47. List the prime factors of k.
2, 17
Let l(f) = f + 1. Let u be l(-3). Let w = 4 - u. What are the prime factors of (-86)/(-10) - w/(-15)?
3
Suppose -4*r + 67 = -33. What are the prime factors of r?
5
Suppose -39 + 172 = 7*h. What are the prime factors of h?
19
Let q(z) = z**3 - 5*z**2 + 2*z - 3. Let r be q(4). Let a = 21 + r. What are the prime factors of a?
2, 5
Let t(f) = f**2 - 6*f - 12. Let r = 35 - 24. List the prime factors of t(r).
43
Suppose -5*y + 9*y - 136 = 0. List the prime factors of y.
2, 17
Suppose -6*f - 10 = -11*f. Suppose 5*t + 5 = -f*y, -4*y + 18 = 3*t - 7. What are the prime factors of y?
2, 5
What are the prime factors of ((-48)/30)/(4/(-90))?
2, 3
Suppose 5 = -3*x - 7. List the prime factors of x/10 + 214/10.
3, 7
Suppose 16 = 2*f - 2*z, 0 = -5*f + 3*f + 4*z + 20. Suppose 0 = 5*a - f - 4. Suppose 0 - 14 = -a*p. What are the prime factors of p?
7
Let b be ((-6)/10)/(3/(-135)). Let n = 54 - b. What are the prime factors of n?
3
Let m be 11/33 - 28/(-6). Suppose 18 = -m*s - 3*p + 50, -s = -p. What are the prime factors of s?
2
Suppose 56 = 5*c + 16. Suppose -3*t + c + 1 = 0. Suppose -4*n - 12 = 0, -2*u + 3*n = -t*u - 4. What are the prime factors of u?
5
Let o = 21 + 11. Suppose 6*m = 2*m - 3*l + 133, m = -2*l + o. What are the prime factors of m?
2, 17
Let r = -5 - -91. List the prime factors of r.
2, 43
Suppose 65*y = 59*y + 114. What are the prime factors of y?
19
Let x be ((-84)/(-9))/(1/3). What are the prime factors of (-7)/x + 125/4?
31
Suppose -2*c - 2*m = -14, m + 2*m = 3*c - 3. Let q = 8 + 4. Suppose 0*j + q = c*j. What are the prime factors of j?
3
Let t be (-38)/(-10) - 4/(-20). Suppose 60 + 48 = -t*d. List the prime factors of (-3)/(d/51)*3.
17
Let d(x) = 9*x + 0*x**3 + 6 - x**3 + 0*x**3 - 6*x**2. Let a be d(-7). Let r = a + 16. What are the prime factors of r?
2
Suppose 2*r + 10 = 2*v, -2*r = -r + 5. Let x(t) = t + 42. List the prime factors of x(v).
2, 3, 7
Let z = 34 - 14. List the prime factors of z.
2, 5
Let x(r) = -25*r**3 - 2*r**2 - 2*r + 3. What are the prime factors of x(-2)?
199
Let m(l) = l**3 + 32. Let o(d) = -2*d**2 - d + 1. Let h be o(-1). List the prime factors of m(h).
2
Let r = 34 + 4. Suppose 5*z + 0*z = 0. Suppose 4*n - r + 2 = z. What are the prime factors of n?
3
Let p = -3 - -4. Suppose -b = -y - p + 4, -4 = -y. Let h(v) = 14*v**2 - 2*v + 1. List the prime factors of h(b).
13
Suppose 13*k - 342 = 4*k. List the prime factors of k.
2, 19
Let a(h) = h + 0*h + h**2 + 1 + 1. Let p be a(-2). What are the prime factors of (4 + p)*2/4?
2
Suppose -3 + 5 = -d, k = 5*d + 37. What are the prime factors of k?
3
Let d(r) = r**3 - r**2 - r - 10. Let i be d(0). Let n(w) = -5*w - 2. Let b be n(i). List the prime factors of b/18 + 2/6.
3
Let z = 11 + -8. Suppose -2*g - z = 2*s - 21, -g = -2*s + 6. List the prime factors of g.
2
Let y be (-6)/(-27) + (-74)/9. Let l(p) = -3*p - 9. What are the prime factors of l(y)?
3, 5
What are the prime factors of (-1122)/(-30) - (-6)/(-15)?
37
Let d(q) = -27*q - 4. Let t be d(-4). List the prime factors of t/3 - (-6)/(-9).
2, 17
Let b be ((-3)/2 + 1)*-6. Suppose 2*r - b - 3 = 0. Suppose 0*d = r*d - 24. What are the prime factors of d?
2
Let r(a) = a**3 + 9*a**2 + 2*a + 8. Let z = -3 + -5. What are the prime factors of r(z)?
2, 7
Suppose -3*v - 75 = -210. What are the prime factors of v?
3, 5
Suppose 0 = m - 3*w - 12, -4*m = -0*w + 4*w. Suppose -m*a + 16 + 4 = -j, 4*a - 24 = 2*j. List the prime factors of a.
2
Let b be (-4)/(-14) - 6/21. Suppose b*j = -2*j + 4. What are the prime factors of j?
2
Suppose 0 = 4*h - 7*h - 6. What are the prime factors of h + -3 + 4 + 21?
2, 5
Let m(c) = c**2 + 6*c. Let d be m(-6). Let u(f) be the first derivative of -f**2/2 + 11*f - 1. List the prime factors of u(d).
11
Let s = 7 + -5. Suppose 5*o - 2 - 27 = -s*q, 0 = 5*q + 4*o - 30. What are the prime factors of q?
2
Suppose k - 3*j + 74 = 2*k, -4*k - 3*j + 287 = 0. Suppose -k = -5*p - 3*r, -2*r - 31 = -p + 3*r. What are the prime factors of p?
2
What are the prime factors of 1 - 3 - (3 + -358)?
353
List the prime factors of 240/42 + -6 - 1115/(-7).
3, 53
Let v(a) = a**3 + 14*a**2 - 9*a + 10. Let t(u) = -7*u**2 + 5*u - 5. Let l(c) = 5*t(c) + 2*v(c). List the prime factors of l(4).
3, 13
Let q = -2 - -8. Let a be ((-21)/q)/(1/(-2)). Let r(m) = m**2 - 4*m - 10. What are the prime factors of r(a)?
11
Suppose l + 1 = -2*o - 7, 6 = -4*l + 5*o. Let t be ((-8)/(-5))/(l/(-10)). Suppose 0 = d + t*b - 7, b = -3*d - d + 13. List the prime factors of d.
3
Let w = -17 - -51. What are the prime factors of w?
2, 17
List the prime factors of 23/4 + 1/4.
2, 3
Let c be 2 + (1 - (-1 + 0)). Suppose -3*q - 17 = -c*g + 3*g, -4*g = 4*q - 4. Let w = 11 - g. List the prime factors of w.
2, 3
Let n = -19 + 34. Suppose n = 2*m + 3*m. What are the prime factors of m?
3
Let k = 147 + -97. Let h = 32 - k. Let l = 25 + h. What are the prime factors of l?
7
Suppose 3*a - 3*q = 27, -2*a + 3*a - 3*q = 7. List the prime factors of a.
2, 5
Suppose -17 = 3*d - 89. What are the prime factors of d?
2, 3
Let n = -6 + 10. Suppose 0 = -3*k - 3 - 0, 0 = -4*v + n*k + 28. List the prime factors of v.
2, 3
Let y be -2*1 + 15/3. Suppose -3*w + 0 = -3, -27 = -y*n + 3*w. What are the prime factors of n?
2, 5
Let c(g) = -g**3 + 9*g**2 + 13*g - 14. Let y(x) = 8*x + 1. Let j be y(-1). Let n be (-72)/j + (-10)/35. List the prime factors of c(n).
2
Let f(w) = -w**3 + 5*w**2 + 9*w - 4. What are the prime factors of f(6)?
2, 7
Let d be 8 - (4 - (2 - 1)). Suppose -l - d = -18. List the prime factors of l.
13
Suppose 0 = 5*j - 5, 4*j - 208 = -5*h + 51. Let x = h - 34. List the prime factors of x.
17
Let i(t) = t**2 + 3*t - 7. Let z be i(-5). Let h = 16 + z. Let g = h - -1. What are the prime factors of g?
2, 5
Let s(q) = 5*q**2. Let i be s(1). Let g(n) be the second derivative of n**4/12 - n**3/2 - n**2 - 3*n. What are the prime factors of g(i)?
2
Let k(f) = -f + 14. Let b be k(0). Suppose 0*a - b = -a. List the prime factors of a.
2, 7
Let b be (-4)/(-30)*9*-5. Let c = -4 - b. What are the prime factors of c?
2
Let p be (32/12)/(2/3). Let k = 7 + -2. Suppose p*r